8).
51
Let s(t) = 19*t**2 + 154*t + 24. Calculate s(-8).
8
Let p(n) = 25*n**3 + 8*n**2 + 6*n - 1. What is p(-1)?
-24
Let g(z) = z**2 - 237*z + 3722. Calculate g(17).
-18
Let v(a) = -2*a**3 + 97*a**2 + 45*a - 119. Calculate v(49).
-315
Let v(p) = -p**3 + 10*p**2 + 23*p - 122. Determine v(12).
-134
Let g(d) = d**3 + 30*d**2 + 207*d - 34. Give g(-19).
4
Let d(r) = r**3 - 32*r**2 - 190*r + 343. Give d(37).
158
Let t(o) = -2*o**3 - 71*o**2 - 37*o + 152. Give t(-35).
222
Let x(d) = -d**3 + 21*d**2 + 45*d + 58. Give x(23).
35
Let p(u) = -143*u + 5296. Calculate p(37).
5
Let l(h) = 7*h**2 - 348*h + 676. Calculate l(2).
8
Let q(d) = -10*d - 580. Calculate q(-36).
-220
Let u(k) = 7*k + 13. Give u(-1).
6
Let m(q) = -3*q**2 - 316*q + 227. Give m(-106).
15
Let j(x) = 19*x**3 + 92*x**2 - 21*x + 3. Give j(-5).
33
Let z(x) = -4*x**2 + 120*x + 57. Give z(30).
57
Let k(v) = -8*v**2 - 286*v + 138. What is k(-36)?
66
Let d(f) = -22*f + 744. What is d(33)?
18
Let d(r) = 18*r - 1090. Calculate d(64).
62
Let b(c) = 5*c**3 + 5*c**2 + 13*c + 3. Give b(-2).
-43
Let p(k) = k**3 - 12*k**2 + 27*k + 12. Give p(8).
-28
Let c(w) = 28*w**3 - 3*w**2 - 4*w + 13. Determine c(2).
217
Let l(s) = -s**2 - 420*s - 9507. Determine l(-24).
-3
Let w(z) = -137*z + 3839. Give w(28).
3
Let t(g) = 234*g + 9114. Determine t(-39).
-12
Let b(y) = -y**3 + 3*y**2 + 47*y + 70. Calculate b(9).
7
Let a(g) = -g**3 + 8*g**2 + 33*g - 83. Calculate a(11).
-83
Let x(n) = 3*n**3 - 5*n**2 - 47*n + 40. Calculate x(-4).
-44
Let n(a) = -a**2 - 71*a - 887. Give n(-25).
263
Let b(o) = -4321*o + 8640. What is b(2)?
-2
Let n(s) = -s**3 + 1939*s**2 - 26950*s - 4. Give n(14).
-4
Let f(p) = -28*p + 6. Determine f(-4).
118
Let q(a) = -7*a**2 + 251*a + 266. What is q(37)?
-30
Let u(k) = k**2 + 28*k - 218. Give u(-34).
-14
Let i(z) = 3*z**2 - 500*z + 1496. What is i(3)?
23
Let k(i) = 4*i**3 - 4*i**2 - 23*i - 5. What is k(-3)?
-80
Let q(k) = -8*k**2 - 69*k - 49. Give q(-9).
-76
Let q(g) = 554*g + 1724. What is q(-3)?
62
Let i(t) = -3*t**3 + 47*t**2 + 66*t + 36. What is i(17)?
2
Let g(b) = b**2 - 112*b + 2692. Determine g(77).
-3
Let y(j) = 3*j**2 + 48*j + 110. What is y(-11)?
-55
Let n(q) = -q**2 + 70*q + 301. Calculate n(-4).
5
Let b(k) = 2*k**2 + 13*k + 7. Calculate b(-2).
-11
Let i(x) = 322*x + 726. Give i(-1).
404
Let k(w) = -w**2 + 53*w + 2078. What is k(80)?
-82
Let b(k) = -15*k**2 - 15*k + 28. Determine b(2).
-62
Let v(y) = -165*y + 2179. Calculate v(12).
199
Let s(d) = 72*d + 8. Give s(-1).
-64
Let k(o) = -187*o - 2456. Calculate k(-13).
-25
Let t(j) = -10*j**2 - 104*j - 254. Give t(-6).
10
Let t(r) = -11*r - 604. Determine t(-56).
12
Let y(b) = -2*b**2 + 393*b - 1907. Determine y(5).
8
Let b(g) = 177*g**2 + 1428*g + 99. What is b(-8)?
3
Let s(m) = m**2 + 75*m - 298. Determine s(4).
18
Let k(m) = m**2 + 52*m - 1085. Give k(18).
175
Let v(r) = 34*r - 550. Calculate v(2).
-482
Let y(v) = -v**3 + 14*v**2 + 14*v + 54. Calculate y(17).
-575
Let m(u) = 1021*u - 6. Determine m(0).
-6
Let s(d) = -2*d**3 + 24*d**2 - 9*d - 8. Give s(11).
135
Let t(p) = p**3 + 3*p**2 + 8*p + 13. Calculate t(-2).
1
Let g(c) = 3*c + 18. Give g(-16).
-30
Let x(h) = -606*h**2 - 14*h - 9. What is x(-1)?
-601
Let w(x) = x**3 - x**2 + 3*x - 24. Give w(0).
-24
Let f(p) = -3336*p - 3319. Give f(-1).
17
Let m(n) = -n**3 + 15*n**2 + 51*n + 124. Calculate m(18).
70
Let v(d) = -8*d**2 - 540*d - 255. What is v(-67)?
13
Let x(l) = -l**3 - 70*l**2 + 136*l - 570. Give x(-72).
6
Let x(o) = -o**3 - 16*o**2 - 30*o + 134. Calculate x(-5).
9
Let q(s) = -2*s**3 - 21*s**2 + s + 34. Determine q(-10).
-76
Let n(i) = 2*i**2 + 14*i - 35. Calculate n(-10).
25
Let a(o) = -46*o - 162. Give a(-7).
160
Let j(p) = -p**3 + 3*p**2 + 11*p - 18. Determine j(5).
-13
Let l(v) = -v**2 - 101*v + 7737. Calculate l(-152).
-15
Let d(j) = j**3 + j**2 + 16*j - 131. Give d(4).
13
Let n(t) = -74*t**2 - 751*t - 84. Determine n(-10).
26
Let w(i) = i**2 + 5*i + 41. Give w(0).
41
Let u(w) = 28*w - 110. Calculate u(3).
-26
Let v(h) = h**2 + 47*h - 204. Give v(4).
0
Let h(l) = 21*l + 146. Determine h(-6).
20
Let b(h) = -63*h**2 + 344*h + 210. Determine b(6).
6
Let x(z) = -25*z**3 + 3*z**2 + 10*z + 7. Calculate x(-1).
25
Let h(x) = -x**3 + 36*x**2 + 45*x - 387. Give h(37).
-91
Let d(a) = -360*a + 2173. Calculate d(6).
13
Let z(m) = 2*m**2 + 11229*m + 22454. Determine z(-2).
4
Let r(d) = d**2 - 2*d - 56. Calculate r(8).
-8
Let f(a) = -2*a**2 - 6*a + 16. Determine f(-2).
20
Let m(u) = -1820*u - 202010. Determine m(-111).
10
Let w(v) = -3*v**2 - 80*v - 460. Give w(-18).
8
Let o(t) = -t**3 - 30*t**2 - 197*t - 177. Calculate o(-21).
-9
Let c(t) = -35*t - 63. Determine c(0).
-63
Let d(c) = -c**3 - 30*c**2 + 39*c + 65. Give d(-31).
-183
Let t(r) = -2*r**3 - 3*r**2 - 431*r - 4. What is t(0)?
-4
Let g(t) = 25*t - 88. Determine g(11).
187
Let v(b) = -829*b + 59703. Determine v(72).
15
Let v(p) = -5*p**2 - 993*p - 2990. Determine v(-3).
-56
Let j(f) = -6*f**2 + 66*f + 22. What is j(12)?
-50
Let m(v) = 4542*v - 9077. Give m(2).
7
Let w(j) = j**2 - 472*j + 11168. What is w(25)?
-7
Let s(n) = -2*n**3 - 23*n**2 + 14*n + 29. Determine s(-11).
-246
Let g(o) = -61*o**2 + 300*o + 390. What is g(6)?
-6
Let j(m) = 140*m + 574. What is j(-4)?
14
Let b(a) = 6*a**2 + 308*a - 1217. What is b(4)?
111
Let h(p) = -145*p**2 - 732*p - 10. Give h(-5).
25
Let b(j) = -3*j**3 - 13*j**2 + 4*j - 20. Give b(-5).
10
Let z(a) = 45*a + 1118. Determine z(-25).
-7
Let j(n) = n**3 - 2*n**2 - 9*n + 165. Give j(0).
165
Let c(i) = -21*i**2 - 67*i + 309. Give c(4).
-295
Let q(y) = -26*y**2 + 139*y - 140. What is q(1)?
-27
Let d(p) = -p + 44. What is d(4)?
40
Let j(x) = -901*x + 3579. Give j(4).
-25
Let n(c) = 2*c**3 - 2*c**2 - 113*c - 166. Give n(-6).
8
Let x(l) = -666*l + 30. Give x(0).
30
Let k(x) = -x**3 + 20*x - 21. What is k(3)?
12
Let f(n) = n**3 + 28*n**2 - 2*n + 234. Give f(-28).
290
Let t(b) = -112*b + 372. What is t(4)?
-76
Let c(y) = -y**3 - 6*y**2 - 17*y + 9. Calculate c(-5).
69
Let r(y) = -y**3 - 12*y**2 + 26*y + 284. Calculate r(-9).
-193
Let y(s) = -45*s - 7999. Give y(-178).
11
Let f(l) = 95*l - 22. Determine f(6).
548
Let w(g) = 32*g - 544. Determine w(17).
0
Let c(h) = -3*h**2 - 4*h + 346. Give c(-12).
-38
Let z(f) = f**2 - 15*f + 54. Calculate z(6).
0
Let s(b) = 154*b - 1839. What is s(12)?
9
Let f(h) = -11*h**2 - 105*h - 104. Calculate f(-1).
-10
Let t(h) = -2*h**3 + 16*h**2 - 155*h + 1246. Determine t(8).
6
Let b(o) = o**3 - 5*o**2 - 82*o + 319. Determine b(10).
-1
Let s(h) = h**2 - 37*h - 73. Determine s(41).
91
Let d(q) = 46*q - 356. Determine d(8).
12
Let g(k) = -99*k - 54. What is g(-2)?
144
Let x(c) = c**3 - 8*c**2 + 5*c + 24. Determine x(4).
-20
Let m(i) = 8*i - 111. Determine m(13).
-7
Let h(d) = -d**3 + 2*d**2 - 2*d + 14. Determine h(5).
-71
Let v(z) = -226*z + 453. Determine v(2).
1
Let l(j) = -j**3 + 49*j**2 + 14*j - 561. Calculate l(49).
125
Let a(t) = -26*t**3 - t**2 - 4*t - 10. Calculate a(-2).
202
Let p(v) = v**2 + 4673*v - 23389. Determine p(5).
1
Let t(w) = w + 9. Calculate t(-9).
0
Let x(s) = 17*s**2 + 136*s + 6. Determine x(-8).
6
Let s(x) = -17*x**2 + 3*x + 10. Determine s(0).
10
Let w(p) = -368*p + 2939. Calculate w(8).
-5
Let m(u) = u**3 + 8*u**2 + 6*u - 31. What is m(-6)?
5
Let l(b) = 16*b**2 - 250*b + 971. Give l(7).
5
Let z(w) = -w**2 + 31*w - 209. What is z(11)?
11
Let u(q) = 4687*q - 14077. What is u(3)?
-16
Let w(q) = 2*q**3 + 53*q**2 + 353*q + 17. Determine w(-13).
-9
Let f(u) = 18*u**2 - 159*u + 5. Calculate f(9).
32
Let u(p) = 25*p**2 + 151*p - 17. What is u(-6)?
-23
Let n(b) = 10*b**3 - 4*b**2 - 4*b - 3. Give n(-1).
-13
Let t(w) = w**3 + 35*w**2 + 108*w - 67. Determine t(-31).
429
Let a(k) = 22*k**3 - 12*k**2 - 6*k + 3. Determine a(1).
7
Let g(v) = -2962*v**2 + 2964*v - 4. Give g(1).
-2
Let x(i) = -i**3 + 7*i**2 - 10*i + 12. Give x(5).
12
Let u(x) = 3*x**2 + 4*x - 27. Give u(-4).
5
Let g(c) = -64*c - 771. What is g(-12)?
-3
Let r(x) = x**2 - 27*x - 88. Determine r(-4).
36
Let b(j) = -j**3 + 15*j**2 - 3*j - 30. Calculate b(16).
-334
Let b(m) = -506*m + 4047. Give b(8).
-1
Let t(k) = -15*k**3 + 90*k**2 - k + 12. What is t(6)?
6
Let g(u) = -93*u - 3106. Give g(-32).
-130
Let u(k) = -14*k**2 + k + 11. What is u(0)?
11
Let i(a) = a**3 + 3*a**2 - 17*a + 16. What is i(-6)?
10
Let d(w) = 2*w